{"id":2450,"date":"2021-01-16T08:46:12","date_gmt":"2021-01-16T08:46:12","guid":{"rendered":"http:\/\/kuehnel-orthopaedie.de\/?post_type=product&#038;p=2450"},"modified":"2022-09-04T09:55:01","modified_gmt":"2022-09-04T09:55:01","slug":"138-145-420-5003-color","status":"publish","type":"product","link":"https:\/\/kuehnel-orthopaedie.de\/index.php\/produkt\/138-145-420-5003-color\/","title":{"rendered":"138\/145\/420 5003 ,  .  .    &#8220; Color &#8222;"},"content":{"rendered":"","protected":false},"excerpt":{"rendered":"<p class=\"p1\"><b>Die Sport und Sport-Business- Einlage<\/b><\/p>\n<p>Immer mehr Sportler und Nichtsportler tragen modische, farblich kombinierte Sportschuhe. Daf\u00fcr haben wir diese Linie entwickelt. Die Einlage besitzt nicht nur Eigenschaften f\u00fcr den Sport, sondern ist auch wegen der Vielfalt an Farbkombinatioen modisch aktuell einsetzbar.<\/p>\n<p><strong>Aufbau der Einlagen:<\/strong><\/p>\n<ul style=\"margin-left: -17px !important;\">\n<li class=\"p1\">Orthoform-Unterbau 7,0 mm <span class=\"Apple-converted-space\">\u00a0 <\/span><\/li>\n<li class=\"p1\">Eingearbeiter Keil<\/li>\n<li class=\"p1\">Orthforn-Polsterdecke 3,0 oder 4,0 mm<\/li>\n<li class=\"p1\">Thermo-Versteifung<\/li>\n<li class=\"p1\">mit weicher oder ohne Pelotte<\/li>\n<\/ul>\n<table class=\"blueTable\">\n<thead>\n<tr>\n<th>Deckenform<\/th>\n<th>Artikelnummer<\/th>\n<th>Gr\u00f6\u00dfen<\/th>\n<\/tr>\n<\/thead>\n<tfoot>\n<tr>\n<td colspan=\"3\"><\/td>\n<\/tr>\n<\/tfoot>\n<tbody>\n<tr>\n<td>schmal<\/td>\n<td>128\/125<\/td>\n<td>36-48<\/td>\n<\/tr>\n<tr>\n<td>normal<\/td>\n<td>138\/145<\/td>\n<td>36-50<\/td>\n<\/tr>\n<\/tbody>\n<\/table>\n<p>&nbsp;<\/p>\n<p><strong>Farbkombination f\u00fcr &#8220; Color &#8220; Einlagen<\/strong><\/p>\n<table class=\"blueTable\">\n<thead>\n<tr>\n<th>Nr.<\/th>\n<th>unten<\/th>\n<th>oben<\/th>\n<th>Bezug<\/th>\n<\/tr>\n<\/thead>\n<tfoot>\n<tr>\n<td colspan=\"\u201e4\u201c\"><\/td>\n<\/tr>\n<\/tfoot>\n<tbody>\n<tr>\n<td>01<\/td>\n<td>d-blau<\/td>\n<td>d-blau<\/td>\n<td>blau<\/td>\n<\/tr>\n<tr>\n<td>02<\/td>\n<td>d-blau<\/td>\n<td>gr\u00fcn<\/td>\n<td>blau<\/td>\n<\/tr>\n<tr>\n<td>03<\/td>\n<td>d-blau<\/td>\n<td>fuchsia<\/td>\n<td>blau<\/td>\n<\/tr>\n<tr>\n<td>04<\/td>\n<td>d-blau<\/td>\n<td>gelb<\/td>\n<td>blau<\/td>\n<\/tr>\n<tr>\n<td>05<\/td>\n<td>wei\u00df<\/td>\n<td>fuchsia<\/td>\n<td>wei\u00df Creme<\/td>\n<\/tr>\n<tr>\n<td>06<\/td>\n<td>schwarz<\/td>\n<td>orange<\/td>\n<td>orange<\/td>\n<\/tr>\n<tr>\n<td>07<\/td>\n<td>schwarz<\/td>\n<td>rot<\/td>\n<td>rot o, schwarz<\/td>\n<\/tr>\n<tr>\n<td>08<\/td>\n<td>gr\u00fcn<\/td>\n<td>schwarz<\/td>\n<td>schwarz<\/td>\n<\/tr>\n<\/tbody>\n<\/table>\n","protected":false},"featured_media":2451,"comment_status":"open","ping_status":"closed","template":"","meta":{"_custom_body_class":"","_custom_post_class":""},"product_brand":[],"product_cat":[17,84,36],"product_tag":[],"class_list":{"0":"post-2450","1":"product","2":"type-product","3":"status-publish","4":"has-post-thumbnail","6":"product_cat-einlagen","7":"product_cat-sport-einlagen-einlagen","8":"product_cat-sport-einlagen","9":"tm-no-options-pxq","11":"first","12":"instock","13":"shipping-taxable","14":"product-type-simple"},"yoast_head":"<!-- This site is optimized with the Yoast SEO plugin v27.4 - https:\/\/yoast.com\/product\/yoast-seo-wordpress\/ -->\n<title>138\/145\/420 5003 , . .  &quot; Color &quot; - K\u00fchnel Orthop\u00e4die Peine<\/title>\n<meta name=\"robots\" content=\"index, follow, max-snippet:-1, max-image-preview:large, max-video-preview:-1\" \/>\n<link rel=\"canonical\" href=\"https:\/\/kuehnel-orthopaedie.de\/index.php\/produkt\/138-145-420-5003-color\/\" \/>\n<meta property=\"og:locale\" content=\"de_DE\" \/>\n<meta property=\"og:type\" content=\"article\" \/>\n<meta property=\"og:title\" content=\"138\/145\/420 5003 , . .  &quot; Color &quot; - K\u00fchnel Orthop\u00e4die Peine\" \/>\n<meta property=\"og:description\" content=\"Die Sport und Sport-Business- Einlage Immer mehr Sportler und Nichtsportler tragen modische, farblich kombinierte Sportschuhe. Daf\u00fcr haben wir diese Linie entwickelt. Die Einlage besitzt nicht nur Eigenschaften f\u00fcr den Sport, sondern ist auch wegen der Vielfalt an Farbkombinatioen modisch aktuell einsetzbar.  Aufbau der Einlagen:   Orthoform-Unterbau 7,0 mm \u00a0   Eingearbeiter Keil  Orthforn-Polsterdecke 3,0 oder 4,0 mm  Thermo-Versteifung  mit weicher oder ohne Pelotte     Deckenform Artikelnummer Gr\u00f6\u00dfen          schmal 128\/125 36-48   normal 138\/145 36-50    &nbsp;  Farbkombination f\u00fcr &quot; Color &quot; Einlagen    Nr. unten oben Bezug          01 d-blau d-blau blau   02 d-blau gr\u00fcn blau   03 d-blau fuchsia blau   04 d-blau gelb blau   05 wei\u00df fuchsia wei\u00df Creme   06 schwarz orange orange   07 schwarz rot rot o, schwarz   08 gr\u00fcn schwarz schwarz\" \/>\n<meta property=\"og:url\" content=\"https:\/\/kuehnel-orthopaedie.de\/index.php\/produkt\/138-145-420-5003-color\/\" \/>\n<meta property=\"og:site_name\" content=\"K\u00fchnel Orthop\u00e4die Peine\" \/>\n<meta property=\"article:modified_time\" content=\"2022-09-04T09:55:01+00:00\" \/>\n<meta property=\"og:image\" content=\"https:\/\/kuehnel-orthopaedie.de\/wp-content\/uploads\/2021\/01\/210106-ku\u0308hnel-068.jpg\" \/>\n\t<meta property=\"og:image:width\" content=\"1300\" \/>\n\t<meta property=\"og:image:height\" content=\"867\" \/>\n\t<meta property=\"og:image:type\" content=\"image\/jpeg\" \/>\n<meta name=\"twitter:card\" content=\"summary_large_image\" \/>\n<script type=\"application\/ld+json\" class=\"yoast-schema-graph\">{\"@context\":\"https:\\\/\\\/schema.org\",\"@graph\":[{\"@type\":\"WebPage\",\"@id\":\"https:\\\/\\\/kuehnel-orthopaedie.de\\\/index.php\\\/produkt\\\/138-145-420-5003-color\\\/\",\"url\":\"https:\\\/\\\/kuehnel-orthopaedie.de\\\/index.php\\\/produkt\\\/138-145-420-5003-color\\\/\",\"name\":\"138\\\/145\\\/420 5003 , . . \\\" Color \\\" - K\u00fchnel Orthop\u00e4die Peine\",\"isPartOf\":{\"@id\":\"https:\\\/\\\/kuehnel-orthopaedie.de\\\/#website\"},\"primaryImageOfPage\":{\"@id\":\"https:\\\/\\\/kuehnel-orthopaedie.de\\\/index.php\\\/produkt\\\/138-145-420-5003-color\\\/#primaryimage\"},\"image\":{\"@id\":\"https:\\\/\\\/kuehnel-orthopaedie.de\\\/index.php\\\/produkt\\\/138-145-420-5003-color\\\/#primaryimage\"},\"thumbnailUrl\":\"https:\\\/\\\/kuehnel-orthopaedie.de\\\/wp-content\\\/uploads\\\/2021\\\/01\\\/210106-ku\u0308hnel-068.jpg\",\"datePublished\":\"2021-01-16T08:46:12+00:00\",\"dateModified\":\"2022-09-04T09:55:01+00:00\",\"breadcrumb\":{\"@id\":\"https:\\\/\\\/kuehnel-orthopaedie.de\\\/index.php\\\/produkt\\\/138-145-420-5003-color\\\/#breadcrumb\"},\"inLanguage\":\"de\",\"potentialAction\":[{\"@type\":\"ReadAction\",\"target\":[\"https:\\\/\\\/kuehnel-orthopaedie.de\\\/index.php\\\/produkt\\\/138-145-420-5003-color\\\/\"]}]},{\"@type\":\"ImageObject\",\"inLanguage\":\"de\",\"@id\":\"https:\\\/\\\/kuehnel-orthopaedie.de\\\/index.php\\\/produkt\\\/138-145-420-5003-color\\\/#primaryimage\",\"url\":\"https:\\\/\\\/kuehnel-orthopaedie.de\\\/wp-content\\\/uploads\\\/2021\\\/01\\\/210106-ku\u0308hnel-068.jpg\",\"contentUrl\":\"https:\\\/\\\/kuehnel-orthopaedie.de\\\/wp-content\\\/uploads\\\/2021\\\/01\\\/210106-ku\u0308hnel-068.jpg\",\"width\":1300,\"height\":867},{\"@type\":\"BreadcrumbList\",\"@id\":\"https:\\\/\\\/kuehnel-orthopaedie.de\\\/index.php\\\/produkt\\\/138-145-420-5003-color\\\/#breadcrumb\",\"itemListElement\":[{\"@type\":\"ListItem\",\"position\":1,\"name\":\"Home\",\"item\":\"https:\\\/\\\/kuehnel-orthopaedie.de\\\/\"},{\"@type\":\"ListItem\",\"position\":2,\"name\":\"Shop single sidebar\",\"item\":\"https:\\\/\\\/kuehnel-orthopaedie.de\\\/index.php\\\/shop-single-sidebar\\\/\"},{\"@type\":\"ListItem\",\"position\":3,\"name\":\"138\\\/145\\\/420 5003 , . . &#8220; Color &#8222;\"}]},{\"@type\":\"WebSite\",\"@id\":\"https:\\\/\\\/kuehnel-orthopaedie.de\\\/#website\",\"url\":\"https:\\\/\\\/kuehnel-orthopaedie.de\\\/\",\"name\":\"K\u00fchnel Orthop\u00e4die Peine\",\"description\":\"Ihr leistungsf\u00e4higer Partner f\u00fcr Einladen und orthop\u00e4dische Materialien\",\"potentialAction\":[{\"@type\":\"SearchAction\",\"target\":{\"@type\":\"EntryPoint\",\"urlTemplate\":\"https:\\\/\\\/kuehnel-orthopaedie.de\\\/?s={search_term_string}\"},\"query-input\":{\"@type\":\"PropertyValueSpecification\",\"valueRequired\":true,\"valueName\":\"search_term_string\"}}],\"inLanguage\":\"de\"}]}<\/script>\n<!-- \/ Yoast SEO plugin. -->","yoast_head_json":{"title":"138\/145\/420 5003 , . .  \" Color \" - K\u00fchnel Orthop\u00e4die Peine","robots":{"index":"index","follow":"follow","max-snippet":"max-snippet:-1","max-image-preview":"max-image-preview:large","max-video-preview":"max-video-preview:-1"},"canonical":"https:\/\/kuehnel-orthopaedie.de\/index.php\/produkt\/138-145-420-5003-color\/","og_locale":"de_DE","og_type":"article","og_title":"138\/145\/420 5003 , . .  \" Color \" - K\u00fchnel Orthop\u00e4die Peine","og_description":"Die Sport und Sport-Business- Einlage Immer mehr Sportler und Nichtsportler tragen modische, farblich kombinierte Sportschuhe. Daf\u00fcr haben wir diese Linie entwickelt. Die Einlage besitzt nicht nur Eigenschaften f\u00fcr den Sport, sondern ist auch wegen der Vielfalt an Farbkombinatioen modisch aktuell einsetzbar.  Aufbau der Einlagen:   Orthoform-Unterbau 7,0 mm \u00a0   Eingearbeiter Keil  Orthforn-Polsterdecke 3,0 oder 4,0 mm  Thermo-Versteifung  mit weicher oder ohne Pelotte     Deckenform Artikelnummer Gr\u00f6\u00dfen          schmal 128\/125 36-48   normal 138\/145 36-50    &nbsp;  Farbkombination f\u00fcr \" Color \" Einlagen    Nr. unten oben Bezug          01 d-blau d-blau blau   02 d-blau gr\u00fcn blau   03 d-blau fuchsia blau   04 d-blau gelb blau   05 wei\u00df fuchsia wei\u00df Creme   06 schwarz orange orange   07 schwarz rot rot o, schwarz   08 gr\u00fcn schwarz schwarz","og_url":"https:\/\/kuehnel-orthopaedie.de\/index.php\/produkt\/138-145-420-5003-color\/","og_site_name":"K\u00fchnel Orthop\u00e4die Peine","article_modified_time":"2022-09-04T09:55:01+00:00","og_image":[{"width":1300,"height":867,"url":"https:\/\/kuehnel-orthopaedie.de\/wp-content\/uploads\/2021\/01\/210106-ku\u0308hnel-068.jpg","type":"image\/jpeg"}],"twitter_card":"summary_large_image","schema":{"@context":"https:\/\/schema.org","@graph":[{"@type":"WebPage","@id":"https:\/\/kuehnel-orthopaedie.de\/index.php\/produkt\/138-145-420-5003-color\/","url":"https:\/\/kuehnel-orthopaedie.de\/index.php\/produkt\/138-145-420-5003-color\/","name":"138\/145\/420 5003 , . . \" Color \" - K\u00fchnel Orthop\u00e4die Peine","isPartOf":{"@id":"https:\/\/kuehnel-orthopaedie.de\/#website"},"primaryImageOfPage":{"@id":"https:\/\/kuehnel-orthopaedie.de\/index.php\/produkt\/138-145-420-5003-color\/#primaryimage"},"image":{"@id":"https:\/\/kuehnel-orthopaedie.de\/index.php\/produkt\/138-145-420-5003-color\/#primaryimage"},"thumbnailUrl":"https:\/\/kuehnel-orthopaedie.de\/wp-content\/uploads\/2021\/01\/210106-ku\u0308hnel-068.jpg","datePublished":"2021-01-16T08:46:12+00:00","dateModified":"2022-09-04T09:55:01+00:00","breadcrumb":{"@id":"https:\/\/kuehnel-orthopaedie.de\/index.php\/produkt\/138-145-420-5003-color\/#breadcrumb"},"inLanguage":"de","potentialAction":[{"@type":"ReadAction","target":["https:\/\/kuehnel-orthopaedie.de\/index.php\/produkt\/138-145-420-5003-color\/"]}]},{"@type":"ImageObject","inLanguage":"de","@id":"https:\/\/kuehnel-orthopaedie.de\/index.php\/produkt\/138-145-420-5003-color\/#primaryimage","url":"https:\/\/kuehnel-orthopaedie.de\/wp-content\/uploads\/2021\/01\/210106-ku\u0308hnel-068.jpg","contentUrl":"https:\/\/kuehnel-orthopaedie.de\/wp-content\/uploads\/2021\/01\/210106-ku\u0308hnel-068.jpg","width":1300,"height":867},{"@type":"BreadcrumbList","@id":"https:\/\/kuehnel-orthopaedie.de\/index.php\/produkt\/138-145-420-5003-color\/#breadcrumb","itemListElement":[{"@type":"ListItem","position":1,"name":"Home","item":"https:\/\/kuehnel-orthopaedie.de\/"},{"@type":"ListItem","position":2,"name":"Shop single sidebar","item":"https:\/\/kuehnel-orthopaedie.de\/index.php\/shop-single-sidebar\/"},{"@type":"ListItem","position":3,"name":"138\/145\/420 5003 , . . &#8220; Color &#8222;"}]},{"@type":"WebSite","@id":"https:\/\/kuehnel-orthopaedie.de\/#website","url":"https:\/\/kuehnel-orthopaedie.de\/","name":"K\u00fchnel Orthop\u00e4die Peine","description":"Ihr leistungsf\u00e4higer Partner f\u00fcr Einladen und orthop\u00e4dische Materialien","potentialAction":[{"@type":"SearchAction","target":{"@type":"EntryPoint","urlTemplate":"https:\/\/kuehnel-orthopaedie.de\/?s={search_term_string}"},"query-input":{"@type":"PropertyValueSpecification","valueRequired":true,"valueName":"search_term_string"}}],"inLanguage":"de"}]}},"_links":{"self":[{"href":"https:\/\/kuehnel-orthopaedie.de\/index.php\/wp-json\/wp\/v2\/product\/2450","targetHints":{"allow":["GET"]}}],"collection":[{"href":"https:\/\/kuehnel-orthopaedie.de\/index.php\/wp-json\/wp\/v2\/product"}],"about":[{"href":"https:\/\/kuehnel-orthopaedie.de\/index.php\/wp-json\/wp\/v2\/types\/product"}],"replies":[{"embeddable":true,"href":"https:\/\/kuehnel-orthopaedie.de\/index.php\/wp-json\/wp\/v2\/comments?post=2450"}],"wp:featuredmedia":[{"embeddable":true,"href":"https:\/\/kuehnel-orthopaedie.de\/index.php\/wp-json\/wp\/v2\/media\/2451"}],"wp:attachment":[{"href":"https:\/\/kuehnel-orthopaedie.de\/index.php\/wp-json\/wp\/v2\/media?parent=2450"}],"wp:term":[{"taxonomy":"product_brand","embeddable":true,"href":"https:\/\/kuehnel-orthopaedie.de\/index.php\/wp-json\/wp\/v2\/product_brand?post=2450"},{"taxonomy":"product_cat","embeddable":true,"href":"https:\/\/kuehnel-orthopaedie.de\/index.php\/wp-json\/wp\/v2\/product_cat?post=2450"},{"taxonomy":"product_tag","embeddable":true,"href":"https:\/\/kuehnel-orthopaedie.de\/index.php\/wp-json\/wp\/v2\/product_tag?post=2450"}],"curies":[{"name":"wp","href":"https:\/\/api.w.org\/{rel}","templated":true}]}}