{"id":2448,"date":"2021-01-16T08:43:35","date_gmt":"2021-01-16T08:43:35","guid":{"rendered":"http:\/\/kuehnel-orthopaedie.de\/?post_type=product&#038;p=2448"},"modified":"2022-09-04T09:53:22","modified_gmt":"2022-09-04T09:53:22","slug":"138-145-420-9003-4-ballsport","status":"publish","type":"product","link":"https:\/\/kuehnel-orthopaedie.de\/index.php\/produkt\/138-145-420-9003-4-ballsport\/","title":{"rendered":"138\/145\/420 9003.4   Ballsport"},"content":{"rendered":"","protected":false},"excerpt":{"rendered":"<p><strong>Aufbau der Einlagen:<\/strong><\/p>\n<ul style=\"margin-left: -17px !important;\">\n<li class=\"p1\">Orthoform &#8211; Unterbau 35 Shore 7,0 mm <span class=\"Apple-converted-space\">\u00a0 <\/span><\/li>\n<li class=\"p1\">eingearbeiteter L\u00e4ngsgew\u00f6lbekeil<\/li>\n<li class=\"p1\">Combi Polsterdecke Ortoform 3,0, 25 Shore<\/li>\n<li class=\"p1\">Orthomed 18 Shore, Purlastik<\/li>\n<li class=\"p1\">Polstereins\u00e4tze Orthomed 18 Shore<\/li>\n<li class=\"p1\">keine Pelotte<\/li>\n<li class=\"p1\">auch mit weicher, eingeklebter Pelotte lieferbar<\/li>\n<li class=\"p1\">elastische Thermo-Versteifung<\/li>\n<\/ul>\n<table class=\"blueTable\">\n<thead>\n<tr>\n<th>Deckenform<\/th>\n<th>Artikelnummer<\/th>\n<th>Gr\u00f6\u00dfen<\/th>\n<\/tr>\n<\/thead>\n<tfoot>\n<tr>\n<td colspan=\"3\"><\/td>\n<\/tr>\n<\/tfoot>\n<tbody>\n<tr>\n<td>normal<\/td>\n<td>138\/145\/<\/td>\n<td>36-50<\/td>\n<\/tr>\n<\/tbody>\n<\/table>\n","protected":false},"featured_media":2449,"comment_status":"open","ping_status":"closed","template":"","meta":{"_custom_body_class":"","_custom_post_class":""},"product_brand":[],"product_cat":[17,84,36],"product_tag":[],"class_list":{"0":"post-2448","1":"product","2":"type-product","3":"status-publish","4":"has-post-thumbnail","6":"product_cat-einlagen","7":"product_cat-sport-einlagen-einlagen","8":"product_cat-sport-einlagen","9":"tm-no-options-pxq","11":"first","12":"instock","13":"shipping-taxable","14":"product-type-simple"},"yoast_head":"<!-- This site is optimized with the Yoast SEO plugin v27.4 - https:\/\/yoast.com\/product\/yoast-seo-wordpress\/ -->\n<title>138\/145\/420 9003.4  Ballsport - K\u00fchnel Orthop\u00e4die Peine<\/title>\n<meta name=\"robots\" content=\"index, follow, max-snippet:-1, max-image-preview:large, max-video-preview:-1\" \/>\n<link rel=\"canonical\" href=\"https:\/\/kuehnel-orthopaedie.de\/index.php\/produkt\/138-145-420-9003-4-ballsport\/\" \/>\n<meta property=\"og:locale\" content=\"de_DE\" \/>\n<meta property=\"og:type\" content=\"article\" \/>\n<meta property=\"og:title\" content=\"138\/145\/420 9003.4  Ballsport - K\u00fchnel Orthop\u00e4die Peine\" \/>\n<meta property=\"og:description\" content=\"Aufbau der Einlagen:   Orthoform - Unterbau 35 Shore 7,0 mm \u00a0   eingearbeiteter L\u00e4ngsgew\u00f6lbekeil  Combi Polsterdecke Ortoform 3,0, 25 Shore  Orthomed 18 Shore, Purlastik  Polstereins\u00e4tze Orthomed 18 Shore  keine Pelotte  auch mit weicher, eingeklebter Pelotte lieferbar  elastische Thermo-Versteifung     Deckenform Artikelnummer Gr\u00f6\u00dfen          normal 138\/145\/ 36-50\" \/>\n<meta property=\"og:url\" content=\"https:\/\/kuehnel-orthopaedie.de\/index.php\/produkt\/138-145-420-9003-4-ballsport\/\" \/>\n<meta property=\"og:site_name\" content=\"K\u00fchnel Orthop\u00e4die Peine\" \/>\n<meta property=\"article:modified_time\" content=\"2022-09-04T09:53:22+00:00\" \/>\n<meta property=\"og:image\" content=\"https:\/\/kuehnel-orthopaedie.de\/wp-content\/uploads\/2021\/01\/210106-ku\u0308hnel-071.jpg\" \/>\n\t<meta property=\"og:image:width\" content=\"1300\" \/>\n\t<meta property=\"og:image:height\" content=\"833\" \/>\n\t<meta property=\"og:image:type\" content=\"image\/jpeg\" \/>\n<meta name=\"twitter:card\" content=\"summary_large_image\" \/>\n<script type=\"application\/ld+json\" class=\"yoast-schema-graph\">{\"@context\":\"https:\\\/\\\/schema.org\",\"@graph\":[{\"@type\":\"WebPage\",\"@id\":\"https:\\\/\\\/kuehnel-orthopaedie.de\\\/index.php\\\/produkt\\\/138-145-420-9003-4-ballsport\\\/\",\"url\":\"https:\\\/\\\/kuehnel-orthopaedie.de\\\/index.php\\\/produkt\\\/138-145-420-9003-4-ballsport\\\/\",\"name\":\"138\\\/145\\\/420 9003.4 Ballsport - K\u00fchnel Orthop\u00e4die Peine\",\"isPartOf\":{\"@id\":\"https:\\\/\\\/kuehnel-orthopaedie.de\\\/#website\"},\"primaryImageOfPage\":{\"@id\":\"https:\\\/\\\/kuehnel-orthopaedie.de\\\/index.php\\\/produkt\\\/138-145-420-9003-4-ballsport\\\/#primaryimage\"},\"image\":{\"@id\":\"https:\\\/\\\/kuehnel-orthopaedie.de\\\/index.php\\\/produkt\\\/138-145-420-9003-4-ballsport\\\/#primaryimage\"},\"thumbnailUrl\":\"https:\\\/\\\/kuehnel-orthopaedie.de\\\/wp-content\\\/uploads\\\/2021\\\/01\\\/210106-ku\u0308hnel-071.jpg\",\"datePublished\":\"2021-01-16T08:43:35+00:00\",\"dateModified\":\"2022-09-04T09:53:22+00:00\",\"breadcrumb\":{\"@id\":\"https:\\\/\\\/kuehnel-orthopaedie.de\\\/index.php\\\/produkt\\\/138-145-420-9003-4-ballsport\\\/#breadcrumb\"},\"inLanguage\":\"de\",\"potentialAction\":[{\"@type\":\"ReadAction\",\"target\":[\"https:\\\/\\\/kuehnel-orthopaedie.de\\\/index.php\\\/produkt\\\/138-145-420-9003-4-ballsport\\\/\"]}]},{\"@type\":\"ImageObject\",\"inLanguage\":\"de\",\"@id\":\"https:\\\/\\\/kuehnel-orthopaedie.de\\\/index.php\\\/produkt\\\/138-145-420-9003-4-ballsport\\\/#primaryimage\",\"url\":\"https:\\\/\\\/kuehnel-orthopaedie.de\\\/wp-content\\\/uploads\\\/2021\\\/01\\\/210106-ku\u0308hnel-071.jpg\",\"contentUrl\":\"https:\\\/\\\/kuehnel-orthopaedie.de\\\/wp-content\\\/uploads\\\/2021\\\/01\\\/210106-ku\u0308hnel-071.jpg\",\"width\":1300,\"height\":833},{\"@type\":\"BreadcrumbList\",\"@id\":\"https:\\\/\\\/kuehnel-orthopaedie.de\\\/index.php\\\/produkt\\\/138-145-420-9003-4-ballsport\\\/#breadcrumb\",\"itemListElement\":[{\"@type\":\"ListItem\",\"position\":1,\"name\":\"Home\",\"item\":\"https:\\\/\\\/kuehnel-orthopaedie.de\\\/\"},{\"@type\":\"ListItem\",\"position\":2,\"name\":\"Shop single sidebar\",\"item\":\"https:\\\/\\\/kuehnel-orthopaedie.de\\\/index.php\\\/shop-single-sidebar\\\/\"},{\"@type\":\"ListItem\",\"position\":3,\"name\":\"138\\\/145\\\/420 9003.4 Ballsport\"}]},{\"@type\":\"WebSite\",\"@id\":\"https:\\\/\\\/kuehnel-orthopaedie.de\\\/#website\",\"url\":\"https:\\\/\\\/kuehnel-orthopaedie.de\\\/\",\"name\":\"K\u00fchnel Orthop\u00e4die Peine\",\"description\":\"Ihr leistungsf\u00e4higer Partner f\u00fcr Einladen und orthop\u00e4dische Materialien\",\"potentialAction\":[{\"@type\":\"SearchAction\",\"target\":{\"@type\":\"EntryPoint\",\"urlTemplate\":\"https:\\\/\\\/kuehnel-orthopaedie.de\\\/?s={search_term_string}\"},\"query-input\":{\"@type\":\"PropertyValueSpecification\",\"valueRequired\":true,\"valueName\":\"search_term_string\"}}],\"inLanguage\":\"de\"}]}<\/script>\n<!-- \/ Yoast SEO plugin. -->","yoast_head_json":{"title":"138\/145\/420 9003.4  Ballsport - K\u00fchnel Orthop\u00e4die Peine","robots":{"index":"index","follow":"follow","max-snippet":"max-snippet:-1","max-image-preview":"max-image-preview:large","max-video-preview":"max-video-preview:-1"},"canonical":"https:\/\/kuehnel-orthopaedie.de\/index.php\/produkt\/138-145-420-9003-4-ballsport\/","og_locale":"de_DE","og_type":"article","og_title":"138\/145\/420 9003.4  Ballsport - K\u00fchnel Orthop\u00e4die Peine","og_description":"Aufbau der Einlagen:   Orthoform - Unterbau 35 Shore 7,0 mm \u00a0   eingearbeiteter L\u00e4ngsgew\u00f6lbekeil  Combi Polsterdecke Ortoform 3,0, 25 Shore  Orthomed 18 Shore, Purlastik  Polstereins\u00e4tze Orthomed 18 Shore  keine Pelotte  auch mit weicher, eingeklebter Pelotte lieferbar  elastische Thermo-Versteifung     Deckenform Artikelnummer Gr\u00f6\u00dfen          normal 138\/145\/ 36-50","og_url":"https:\/\/kuehnel-orthopaedie.de\/index.php\/produkt\/138-145-420-9003-4-ballsport\/","og_site_name":"K\u00fchnel Orthop\u00e4die Peine","article_modified_time":"2022-09-04T09:53:22+00:00","og_image":[{"width":1300,"height":833,"url":"https:\/\/kuehnel-orthopaedie.de\/wp-content\/uploads\/2021\/01\/210106-ku\u0308hnel-071.jpg","type":"image\/jpeg"}],"twitter_card":"summary_large_image","schema":{"@context":"https:\/\/schema.org","@graph":[{"@type":"WebPage","@id":"https:\/\/kuehnel-orthopaedie.de\/index.php\/produkt\/138-145-420-9003-4-ballsport\/","url":"https:\/\/kuehnel-orthopaedie.de\/index.php\/produkt\/138-145-420-9003-4-ballsport\/","name":"138\/145\/420 9003.4 Ballsport - K\u00fchnel Orthop\u00e4die Peine","isPartOf":{"@id":"https:\/\/kuehnel-orthopaedie.de\/#website"},"primaryImageOfPage":{"@id":"https:\/\/kuehnel-orthopaedie.de\/index.php\/produkt\/138-145-420-9003-4-ballsport\/#primaryimage"},"image":{"@id":"https:\/\/kuehnel-orthopaedie.de\/index.php\/produkt\/138-145-420-9003-4-ballsport\/#primaryimage"},"thumbnailUrl":"https:\/\/kuehnel-orthopaedie.de\/wp-content\/uploads\/2021\/01\/210106-ku\u0308hnel-071.jpg","datePublished":"2021-01-16T08:43:35+00:00","dateModified":"2022-09-04T09:53:22+00:00","breadcrumb":{"@id":"https:\/\/kuehnel-orthopaedie.de\/index.php\/produkt\/138-145-420-9003-4-ballsport\/#breadcrumb"},"inLanguage":"de","potentialAction":[{"@type":"ReadAction","target":["https:\/\/kuehnel-orthopaedie.de\/index.php\/produkt\/138-145-420-9003-4-ballsport\/"]}]},{"@type":"ImageObject","inLanguage":"de","@id":"https:\/\/kuehnel-orthopaedie.de\/index.php\/produkt\/138-145-420-9003-4-ballsport\/#primaryimage","url":"https:\/\/kuehnel-orthopaedie.de\/wp-content\/uploads\/2021\/01\/210106-ku\u0308hnel-071.jpg","contentUrl":"https:\/\/kuehnel-orthopaedie.de\/wp-content\/uploads\/2021\/01\/210106-ku\u0308hnel-071.jpg","width":1300,"height":833},{"@type":"BreadcrumbList","@id":"https:\/\/kuehnel-orthopaedie.de\/index.php\/produkt\/138-145-420-9003-4-ballsport\/#breadcrumb","itemListElement":[{"@type":"ListItem","position":1,"name":"Home","item":"https:\/\/kuehnel-orthopaedie.de\/"},{"@type":"ListItem","position":2,"name":"Shop single sidebar","item":"https:\/\/kuehnel-orthopaedie.de\/index.php\/shop-single-sidebar\/"},{"@type":"ListItem","position":3,"name":"138\/145\/420 9003.4 Ballsport"}]},{"@type":"WebSite","@id":"https:\/\/kuehnel-orthopaedie.de\/#website","url":"https:\/\/kuehnel-orthopaedie.de\/","name":"K\u00fchnel Orthop\u00e4die Peine","description":"Ihr leistungsf\u00e4higer Partner f\u00fcr Einladen und orthop\u00e4dische Materialien","potentialAction":[{"@type":"SearchAction","target":{"@type":"EntryPoint","urlTemplate":"https:\/\/kuehnel-orthopaedie.de\/?s={search_term_string}"},"query-input":{"@type":"PropertyValueSpecification","valueRequired":true,"valueName":"search_term_string"}}],"inLanguage":"de"}]}},"_links":{"self":[{"href":"https:\/\/kuehnel-orthopaedie.de\/index.php\/wp-json\/wp\/v2\/product\/2448","targetHints":{"allow":["GET"]}}],"collection":[{"href":"https:\/\/kuehnel-orthopaedie.de\/index.php\/wp-json\/wp\/v2\/product"}],"about":[{"href":"https:\/\/kuehnel-orthopaedie.de\/index.php\/wp-json\/wp\/v2\/types\/product"}],"replies":[{"embeddable":true,"href":"https:\/\/kuehnel-orthopaedie.de\/index.php\/wp-json\/wp\/v2\/comments?post=2448"}],"wp:featuredmedia":[{"embeddable":true,"href":"https:\/\/kuehnel-orthopaedie.de\/index.php\/wp-json\/wp\/v2\/media\/2449"}],"wp:attachment":[{"href":"https:\/\/kuehnel-orthopaedie.de\/index.php\/wp-json\/wp\/v2\/media?parent=2448"}],"wp:term":[{"taxonomy":"product_brand","embeddable":true,"href":"https:\/\/kuehnel-orthopaedie.de\/index.php\/wp-json\/wp\/v2\/product_brand?post=2448"},{"taxonomy":"product_cat","embeddable":true,"href":"https:\/\/kuehnel-orthopaedie.de\/index.php\/wp-json\/wp\/v2\/product_cat?post=2448"},{"taxonomy":"product_tag","embeddable":true,"href":"https:\/\/kuehnel-orthopaedie.de\/index.php\/wp-json\/wp\/v2\/product_tag?post=2448"}],"curies":[{"name":"wp","href":"https:\/\/api.w.org\/{rel}","templated":true}]}}