{"id":2328,"date":"2021-01-13T13:46:06","date_gmt":"2021-01-13T13:46:06","guid":{"rendered":"http:\/\/kuehnel-orthopaedie.de\/?post_type=product&#038;p=2328"},"modified":"2022-09-03T16:36:07","modified_gmt":"2022-09-03T16:36:07","slug":"150-140-213-20137","status":"publish","type":"product","link":"https:\/\/kuehnel-orthopaedie.de\/index.php\/produkt\/150-140-213-20137\/","title":{"rendered":"150\/140\/213 2013,7"},"content":{"rendered":"","protected":false},"excerpt":{"rendered":"<p class=\"p1\"><b>Beschreibung<\/b><\/p>\n<p class=\"p1\">Dieses Modell hat eine hohen weichen Rand. \t\t\t Durch den speziellen Orthoflexker ist die Einlage\t\t\t sehr d\u00fcnn, aber stabil. Durch ein eingearbeites  Fersenpolster\t\t\t har die Einlage eine  hohen Tragecomfort.<\/p>\n<p><strong>Aufbau der Einlagen:<\/strong><\/p>\n<ul style=\"margin-left: -17px !important;\">\n<li class=\"p1\">Orthoflex Kern<span class=\"Apple-converted-space\">\u00a0 <\/span><\/li>\n<li class=\"p1\">Orthoforpolster 3,0 mm<\/li>\n<li class=\"p1\">   leichte weiche Pelotte <\/li>\n<li class=\"p1\">   Velourbezug <\/li>\n<\/ul>\n<table class=\"blueTable\">\n<thead>\n<tr>\n<th>Deckenform<\/th>\n<th>Artikelnummer<\/th>\n<th>Gr\u00f6\u00dfen<\/th>\n<\/tr>\n<\/thead>\n<tfoot>\n<tr>\n<td colspan=\"3\"><\/td>\n<\/tr>\n<\/tfoot>\n<tbody>\n<tr>\n<td>mittelbreit<\/td>\n<td>150\/140\/*<\/td>\n<td>36-48<\/td>\n<\/tr>\n<tr>\n<td>breit<\/td>\n<td>150\/160\/<\/td>\n<td>36-48<\/td>\n<\/tr>\n<\/tbody>\n<\/table>\n<p>&nbsp;<\/p>\n<p>* abgebildetes Model<\/p>\n","protected":false},"featured_media":2329,"comment_status":"open","ping_status":"closed","template":"","meta":{"_custom_body_class":"","_custom_post_class":""},"product_brand":[],"product_cat":[33,17],"product_tag":[],"class_list":{"0":"post-2328","1":"product","2":"type-product","3":"status-publish","4":"has-post-thumbnail","6":"product_cat-comfort-einlagen","7":"product_cat-einlagen","8":"tm-no-options-pxq","10":"first","11":"instock","12":"shipping-taxable","13":"product-type-simple"},"yoast_head":"<!-- This site is optimized with the Yoast SEO plugin v27.4 - https:\/\/yoast.com\/product\/yoast-seo-wordpress\/ -->\n<title>150\/140\/213 2013,7 - K\u00fchnel Orthop\u00e4die Peine<\/title>\n<meta name=\"robots\" content=\"index, follow, max-snippet:-1, max-image-preview:large, max-video-preview:-1\" \/>\n<link rel=\"canonical\" href=\"https:\/\/kuehnel-orthopaedie.de\/index.php\/produkt\/150-140-213-20137\/\" \/>\n<meta property=\"og:locale\" content=\"de_DE\" \/>\n<meta property=\"og:type\" content=\"article\" \/>\n<meta property=\"og:title\" content=\"150\/140\/213 2013,7 - K\u00fchnel Orthop\u00e4die Peine\" \/>\n<meta property=\"og:description\" content=\"Beschreibung Dieses Modell hat eine hohen weichen Rand.   Durch den speziellen Orthoflexker ist die Einlage  sehr d\u00fcnn, aber stabil. Durch ein eingearbeites Fersenpolster  har die Einlage eine hohen Tragecomfort. Aufbau der Einlagen:   Orthoflex Kern\u00a0   Orthoforpolster 3,0 mm    leichte weiche Pelotte    Velourbezug       Deckenform Artikelnummer Gr\u00f6\u00dfen          mittelbreit 150\/140\/* 36-48   breit 150\/160\/ 36-48    &nbsp;  * abgebildetes Model\" \/>\n<meta property=\"og:url\" content=\"https:\/\/kuehnel-orthopaedie.de\/index.php\/produkt\/150-140-213-20137\/\" \/>\n<meta property=\"og:site_name\" content=\"K\u00fchnel Orthop\u00e4die Peine\" \/>\n<meta property=\"article:modified_time\" content=\"2022-09-03T16:36:07+00:00\" \/>\n<meta property=\"og:image\" content=\"https:\/\/kuehnel-orthopaedie.de\/wp-content\/uploads\/2021\/01\/210106-ku\u0308hnel-080.jpg\" \/>\n\t<meta property=\"og:image:width\" content=\"1300\" \/>\n\t<meta property=\"og:image:height\" content=\"867\" \/>\n\t<meta property=\"og:image:type\" content=\"image\/jpeg\" \/>\n<meta name=\"twitter:card\" content=\"summary_large_image\" \/>\n<script type=\"application\/ld+json\" class=\"yoast-schema-graph\">{\"@context\":\"https:\\\/\\\/schema.org\",\"@graph\":[{\"@type\":\"WebPage\",\"@id\":\"https:\\\/\\\/kuehnel-orthopaedie.de\\\/index.php\\\/produkt\\\/150-140-213-20137\\\/\",\"url\":\"https:\\\/\\\/kuehnel-orthopaedie.de\\\/index.php\\\/produkt\\\/150-140-213-20137\\\/\",\"name\":\"150\\\/140\\\/213 2013,7 - K\u00fchnel Orthop\u00e4die Peine\",\"isPartOf\":{\"@id\":\"https:\\\/\\\/kuehnel-orthopaedie.de\\\/#website\"},\"primaryImageOfPage\":{\"@id\":\"https:\\\/\\\/kuehnel-orthopaedie.de\\\/index.php\\\/produkt\\\/150-140-213-20137\\\/#primaryimage\"},\"image\":{\"@id\":\"https:\\\/\\\/kuehnel-orthopaedie.de\\\/index.php\\\/produkt\\\/150-140-213-20137\\\/#primaryimage\"},\"thumbnailUrl\":\"https:\\\/\\\/kuehnel-orthopaedie.de\\\/wp-content\\\/uploads\\\/2021\\\/01\\\/210106-ku\u0308hnel-080.jpg\",\"datePublished\":\"2021-01-13T13:46:06+00:00\",\"dateModified\":\"2022-09-03T16:36:07+00:00\",\"breadcrumb\":{\"@id\":\"https:\\\/\\\/kuehnel-orthopaedie.de\\\/index.php\\\/produkt\\\/150-140-213-20137\\\/#breadcrumb\"},\"inLanguage\":\"de\",\"potentialAction\":[{\"@type\":\"ReadAction\",\"target\":[\"https:\\\/\\\/kuehnel-orthopaedie.de\\\/index.php\\\/produkt\\\/150-140-213-20137\\\/\"]}]},{\"@type\":\"ImageObject\",\"inLanguage\":\"de\",\"@id\":\"https:\\\/\\\/kuehnel-orthopaedie.de\\\/index.php\\\/produkt\\\/150-140-213-20137\\\/#primaryimage\",\"url\":\"https:\\\/\\\/kuehnel-orthopaedie.de\\\/wp-content\\\/uploads\\\/2021\\\/01\\\/210106-ku\u0308hnel-080.jpg\",\"contentUrl\":\"https:\\\/\\\/kuehnel-orthopaedie.de\\\/wp-content\\\/uploads\\\/2021\\\/01\\\/210106-ku\u0308hnel-080.jpg\",\"width\":1300,\"height\":867},{\"@type\":\"BreadcrumbList\",\"@id\":\"https:\\\/\\\/kuehnel-orthopaedie.de\\\/index.php\\\/produkt\\\/150-140-213-20137\\\/#breadcrumb\",\"itemListElement\":[{\"@type\":\"ListItem\",\"position\":1,\"name\":\"Home\",\"item\":\"https:\\\/\\\/kuehnel-orthopaedie.de\\\/\"},{\"@type\":\"ListItem\",\"position\":2,\"name\":\"Shop single sidebar\",\"item\":\"https:\\\/\\\/kuehnel-orthopaedie.de\\\/index.php\\\/shop-single-sidebar\\\/\"},{\"@type\":\"ListItem\",\"position\":3,\"name\":\"150\\\/140\\\/213 2013,7\"}]},{\"@type\":\"WebSite\",\"@id\":\"https:\\\/\\\/kuehnel-orthopaedie.de\\\/#website\",\"url\":\"https:\\\/\\\/kuehnel-orthopaedie.de\\\/\",\"name\":\"K\u00fchnel Orthop\u00e4die Peine\",\"description\":\"Ihr leistungsf\u00e4higer Partner f\u00fcr Einladen und orthop\u00e4dische Materialien\",\"potentialAction\":[{\"@type\":\"SearchAction\",\"target\":{\"@type\":\"EntryPoint\",\"urlTemplate\":\"https:\\\/\\\/kuehnel-orthopaedie.de\\\/?s={search_term_string}\"},\"query-input\":{\"@type\":\"PropertyValueSpecification\",\"valueRequired\":true,\"valueName\":\"search_term_string\"}}],\"inLanguage\":\"de\"}]}<\/script>\n<!-- \/ Yoast SEO plugin. -->","yoast_head_json":{"title":"150\/140\/213 2013,7 - K\u00fchnel Orthop\u00e4die Peine","robots":{"index":"index","follow":"follow","max-snippet":"max-snippet:-1","max-image-preview":"max-image-preview:large","max-video-preview":"max-video-preview:-1"},"canonical":"https:\/\/kuehnel-orthopaedie.de\/index.php\/produkt\/150-140-213-20137\/","og_locale":"de_DE","og_type":"article","og_title":"150\/140\/213 2013,7 - K\u00fchnel Orthop\u00e4die Peine","og_description":"Beschreibung Dieses Modell hat eine hohen weichen Rand.   Durch den speziellen Orthoflexker ist die Einlage  sehr d\u00fcnn, aber stabil. Durch ein eingearbeites Fersenpolster  har die Einlage eine hohen Tragecomfort. Aufbau der Einlagen:   Orthoflex Kern\u00a0   Orthoforpolster 3,0 mm    leichte weiche Pelotte    Velourbezug       Deckenform Artikelnummer Gr\u00f6\u00dfen          mittelbreit 150\/140\/* 36-48   breit 150\/160\/ 36-48    &nbsp;  * abgebildetes Model","og_url":"https:\/\/kuehnel-orthopaedie.de\/index.php\/produkt\/150-140-213-20137\/","og_site_name":"K\u00fchnel Orthop\u00e4die Peine","article_modified_time":"2022-09-03T16:36:07+00:00","og_image":[{"width":1300,"height":867,"url":"https:\/\/kuehnel-orthopaedie.de\/wp-content\/uploads\/2021\/01\/210106-ku\u0308hnel-080.jpg","type":"image\/jpeg"}],"twitter_card":"summary_large_image","schema":{"@context":"https:\/\/schema.org","@graph":[{"@type":"WebPage","@id":"https:\/\/kuehnel-orthopaedie.de\/index.php\/produkt\/150-140-213-20137\/","url":"https:\/\/kuehnel-orthopaedie.de\/index.php\/produkt\/150-140-213-20137\/","name":"150\/140\/213 2013,7 - K\u00fchnel Orthop\u00e4die Peine","isPartOf":{"@id":"https:\/\/kuehnel-orthopaedie.de\/#website"},"primaryImageOfPage":{"@id":"https:\/\/kuehnel-orthopaedie.de\/index.php\/produkt\/150-140-213-20137\/#primaryimage"},"image":{"@id":"https:\/\/kuehnel-orthopaedie.de\/index.php\/produkt\/150-140-213-20137\/#primaryimage"},"thumbnailUrl":"https:\/\/kuehnel-orthopaedie.de\/wp-content\/uploads\/2021\/01\/210106-ku\u0308hnel-080.jpg","datePublished":"2021-01-13T13:46:06+00:00","dateModified":"2022-09-03T16:36:07+00:00","breadcrumb":{"@id":"https:\/\/kuehnel-orthopaedie.de\/index.php\/produkt\/150-140-213-20137\/#breadcrumb"},"inLanguage":"de","potentialAction":[{"@type":"ReadAction","target":["https:\/\/kuehnel-orthopaedie.de\/index.php\/produkt\/150-140-213-20137\/"]}]},{"@type":"ImageObject","inLanguage":"de","@id":"https:\/\/kuehnel-orthopaedie.de\/index.php\/produkt\/150-140-213-20137\/#primaryimage","url":"https:\/\/kuehnel-orthopaedie.de\/wp-content\/uploads\/2021\/01\/210106-ku\u0308hnel-080.jpg","contentUrl":"https:\/\/kuehnel-orthopaedie.de\/wp-content\/uploads\/2021\/01\/210106-ku\u0308hnel-080.jpg","width":1300,"height":867},{"@type":"BreadcrumbList","@id":"https:\/\/kuehnel-orthopaedie.de\/index.php\/produkt\/150-140-213-20137\/#breadcrumb","itemListElement":[{"@type":"ListItem","position":1,"name":"Home","item":"https:\/\/kuehnel-orthopaedie.de\/"},{"@type":"ListItem","position":2,"name":"Shop single sidebar","item":"https:\/\/kuehnel-orthopaedie.de\/index.php\/shop-single-sidebar\/"},{"@type":"ListItem","position":3,"name":"150\/140\/213 2013,7"}]},{"@type":"WebSite","@id":"https:\/\/kuehnel-orthopaedie.de\/#website","url":"https:\/\/kuehnel-orthopaedie.de\/","name":"K\u00fchnel Orthop\u00e4die Peine","description":"Ihr leistungsf\u00e4higer Partner f\u00fcr Einladen und orthop\u00e4dische Materialien","potentialAction":[{"@type":"SearchAction","target":{"@type":"EntryPoint","urlTemplate":"https:\/\/kuehnel-orthopaedie.de\/?s={search_term_string}"},"query-input":{"@type":"PropertyValueSpecification","valueRequired":true,"valueName":"search_term_string"}}],"inLanguage":"de"}]}},"_links":{"self":[{"href":"https:\/\/kuehnel-orthopaedie.de\/index.php\/wp-json\/wp\/v2\/product\/2328","targetHints":{"allow":["GET"]}}],"collection":[{"href":"https:\/\/kuehnel-orthopaedie.de\/index.php\/wp-json\/wp\/v2\/product"}],"about":[{"href":"https:\/\/kuehnel-orthopaedie.de\/index.php\/wp-json\/wp\/v2\/types\/product"}],"replies":[{"embeddable":true,"href":"https:\/\/kuehnel-orthopaedie.de\/index.php\/wp-json\/wp\/v2\/comments?post=2328"}],"wp:featuredmedia":[{"embeddable":true,"href":"https:\/\/kuehnel-orthopaedie.de\/index.php\/wp-json\/wp\/v2\/media\/2329"}],"wp:attachment":[{"href":"https:\/\/kuehnel-orthopaedie.de\/index.php\/wp-json\/wp\/v2\/media?parent=2328"}],"wp:term":[{"taxonomy":"product_brand","embeddable":true,"href":"https:\/\/kuehnel-orthopaedie.de\/index.php\/wp-json\/wp\/v2\/product_brand?post=2328"},{"taxonomy":"product_cat","embeddable":true,"href":"https:\/\/kuehnel-orthopaedie.de\/index.php\/wp-json\/wp\/v2\/product_cat?post=2328"},{"taxonomy":"product_tag","embeddable":true,"href":"https:\/\/kuehnel-orthopaedie.de\/index.php\/wp-json\/wp\/v2\/product_tag?post=2328"}],"curies":[{"name":"wp","href":"https:\/\/api.w.org\/{rel}","templated":true}]}}

<p class="p1"><b>Beschreibung</b></p>
<p class="p1">Dieses Modell hat eine hohen weichen Rand. 			 Durch den speziellen Orthoflexker ist die Einlage			 sehr dünn, aber stabil. Durch ein eingearbeites  Fersenpolster			 har die Einlage eine  hohen Tragecomfort.</p>
<p><strong>Aufbau der Einlagen:</strong></p>
<ul style="margin-left: -17px !important;">
<li class="p1">Orthoflex Kern<span class="Apple-converted-space">  </span></li>
<li class="p1">Orthoforpolster 3,0 mm</li>
<li class="p1">   leichte weiche Pelotte </li>
<li class="p1">   Velourbezug </li>
</ul>
<table class="blueTable">
<thead>
<tr>
<th>Deckenform</th>
<th>Artikelnummer</th>
<th>Größen</th>
</tr>
</thead>
<tfoot>
<tr>
<td colspan="3"></td>
</tr>
</tfoot>
<tbody>
<tr>
<td>mittelbreit</td>
<td>150/140/*</td>
<td>36-48</td>
</tr>
<tr>
<td>breit</td>
<td>150/160/</td>
<td>36-48</td>
</tr>
</tbody>
</table>
<p>&nbsp;</p>
<p>* abgebildetes Model</p>

<!-- This site is optimized with the Yoast SEO plugin v27.4 - https://yoast.com/product/yoast-seo-wordpress/ -->
<title>150/140/213 2013,7 - Kühnel Orthopädie Peine</title>
<meta name="robots" content="index, follow, max-snippet:-1, max-image-preview:large, max-video-preview:-1" />
<link rel="canonical" href="https://kuehnel-orthopaedie.de/index.php/produkt/150-140-213-20137/" />
<meta property="og:locale" content="de_DE" />
<meta property="og:type" content="article" />
<meta property="og:title" content="150/140/213 2013,7 - Kühnel Orthopädie Peine" />
<meta property="og:description" content="Beschreibung Dieses Modell hat eine hohen weichen Rand.   Durch den speziellen Orthoflexker ist die Einlage  sehr dünn, aber stabil. Durch ein eingearbeites Fersenpolster  har die Einlage eine hohen Tragecomfort. Aufbau der Einlagen:   Orthoflex Kern    Orthoforpolster 3,0 mm    leichte weiche Pelotte    Velourbezug       Deckenform Artikelnummer Größen          mittelbreit 150/140/* 36-48   breit 150/160/ 36-48    &nbsp;  * abgebildetes Model" />
<meta property="og:url" content="https://kuehnel-orthopaedie.de/index.php/produkt/150-140-213-20137/" />
<meta property="og:site_name" content="Kühnel Orthopädie Peine" />
<meta property="article:modified_time" content="2022-09-03T16:36:07+00:00" />
<meta property="og:image" content="https://kuehnel-orthopaedie.de/wp-content/uploads/2021/01/210106-kühnel-080.jpg" />
	<meta property="og:image:width" content="1300" />
	<meta property="og:image:height" content="867" />
	<meta property="og:image:type" content="image/jpeg" />
<meta name="twitter:card" content="summary_large_image" />
<script type="application/ld+json" class="yoast-schema-graph">{"@context":"https:\/\/schema.org","@graph":[{"@type":"WebPage","@id":"https:\/\/kuehnel-orthopaedie.de\/index.php\/produkt\/150-140-213-20137\/","url":"https:\/\/kuehnel-orthopaedie.de\/index.php\/produkt\/150-140-213-20137\/","name":"150\/140\/213 2013,7 - Kühnel Orthopädie Peine","isPartOf":{"@id":"https:\/\/kuehnel-orthopaedie.de\/#website"},"primaryImageOfPage":{"@id":"https:\/\/kuehnel-orthopaedie.de\/index.php\/produkt\/150-140-213-20137\/#primaryimage"},"image":{"@id":"https:\/\/kuehnel-orthopaedie.de\/index.php\/produkt\/150-140-213-20137\/#primaryimage"},"thumbnailUrl":"https:\/\/kuehnel-orthopaedie.de\/wp-content\/uploads\/2021\/01\/210106-kühnel-080.jpg","datePublished":"2021-01-13T13:46:06+00:00","dateModified":"2022-09-03T16:36:07+00:00","breadcrumb":{"@id":"https:\/\/kuehnel-orthopaedie.de\/index.php\/produkt\/150-140-213-20137\/#breadcrumb"},"inLanguage":"de","potentialAction":[{"@type":"ReadAction","target":["https:\/\/kuehnel-orthopaedie.de\/index.php\/produkt\/150-140-213-20137\/"]}]},{"@type":"ImageObject","inLanguage":"de","@id":"https:\/\/kuehnel-orthopaedie.de\/index.php\/produkt\/150-140-213-20137\/#primaryimage","url":"https:\/\/kuehnel-orthopaedie.de\/wp-content\/uploads\/2021\/01\/210106-kühnel-080.jpg","contentUrl":"https:\/\/kuehnel-orthopaedie.de\/wp-content\/uploads\/2021\/01\/210106-kühnel-080.jpg","width":1300,"height":867},{"@type":"BreadcrumbList","@id":"https:\/\/kuehnel-orthopaedie.de\/index.php\/produkt\/150-140-213-20137\/#breadcrumb","itemListElement":[{"@type":"ListItem","position":1,"name":"Home","item":"https:\/\/kuehnel-orthopaedie.de\/"},{"@type":"ListItem","position":2,"name":"Shop single sidebar","item":"https:\/\/kuehnel-orthopaedie.de\/index.php\/shop-single-sidebar\/"},{"@type":"ListItem","position":3,"name":"150\/140\/213 2013,7"}]},{"@type":"WebSite","@id":"https:\/\/kuehnel-orthopaedie.de\/#website","url":"https:\/\/kuehnel-orthopaedie.de\/","name":"Kühnel Orthopädie Peine","description":"Ihr leistungsfähiger Partner für Einladen und orthopädische Materialien","potentialAction":[{"@type":"SearchAction","target":{"@type":"EntryPoint","urlTemplate":"https:\/\/kuehnel-orthopaedie.de\/?s={search_term_string}"},"query-input":{"@type":"PropertyValueSpecification","valueRequired":true,"valueName":"search_term_string"}}],"inLanguage":"de"}]}</script>
<!-- / Yoast SEO plugin. -->

150/140/213 2013,7 - Kühnel Orthopädie Peine

Beschreibung Dieses Modell hat eine hohen weichen Rand.   Durch den speziellen Orthoflexker ist die Einlage  sehr dünn, aber stabil. Durch ein eingearbeites Fersenpolster  har die Einlage eine hohen Tragecomfort. Aufbau der Einlagen:   Orthoflex Kern    Orthoforpolster 3,0 mm    leichte weiche Pelotte    Velourbezug       Deckenform Artikelnummer Größen          mittelbreit 150/140/* 36-48   breit 150/160/ 36-48    &nbsp;  * abgebildetes Model

Kühnel Orthopädie Peine

Ihr leistungsfähiger Partner für Einladen und orthopädische Materialien
