{"id":2093,"date":"2020-10-12T14:11:11","date_gmt":"2020-10-12T14:11:11","guid":{"rendered":"http:\/\/kuehnel-orthopaedie.de\/?post_type=product&#038;p=2093"},"modified":"2022-09-04T09:04:42","modified_gmt":"2022-09-04T09:04:42","slug":"150-122-213-6103","status":"publish","type":"product","link":"https:\/\/kuehnel-orthopaedie.de\/index.php\/produkt\/150-122-213-6103\/","title":{"rendered":"150\/122\/213 6103"},"content":{"rendered":"","protected":false},"excerpt":{"rendered":"<p class=\"p1\">Durch einen Spezialkern mit medialer Vertiefungsmulde hat diese<span class=\"Apple-converted-space\">\u00a0<\/span>Einlage eine Polsterung von durchgehend 6,0 mm von der Ferse \u00fcber die Plantarsehne bis zu Pelotte. Das Deckenmaterial von 25 Shore st\u00fctzt den Fu\u00df gut ab, wodurch<span class=\"Apple-converted-space\">\u00a0 <\/span>die Polsterung sehr wirkungsvoll ist.<br \/>\n<strong>Ein Modell mit hoher Erfolgsgarantie.<\/strong><\/p>\n<p><strong>Aufbau der Einlagen:<\/strong><\/p>\n<ul style=\"margin-left: -17px !important;\">\n<li class=\"p1\">Spezial-Kunsstoffkern mit Vertiefung der Plantarsehne <span class=\"Apple-converted-space\">\u00a0 <\/span><\/li>\n<li class=\"p1\">Orthoform-Polsterdecke 25 Shore mit Ausstanzung<\/li>\n<li class=\"p1\">weiches Latexpolster 18 Shore in Ferse und Plantarsehne<\/li>\n<li class=\"p1\">weiche , kleine Pelotte<\/li>\n<\/ul>\n<table class=\"blueTable\">\n<thead>\n<tr>\n<th>Deckenform<\/th>\n<th>Artikelnummer<\/th>\n<th>Gr\u00f6\u00dfen<\/th>\n<\/tr>\n<\/thead>\n<tfoot>\n<tr>\n<td colspan=\"3\"><\/td>\n<\/tr>\n<\/tfoot>\n<tbody>\n<tr>\n<td>Normal<\/td>\n<td>150\/122\/*<\/td>\n<td>35-48<\/td>\n<\/tr>\n<tr>\n<td>Breit<\/td>\n<td>150\/125<\/td>\n<td>35-48<\/td>\n<\/tr>\n<tr>\n<td>Finnform D<\/td>\n<td>150\/128<\/td>\n<td>36-48<\/td>\n<\/tr>\n<tr>\n<td>Finnform H<\/td>\n<td>150\/129<\/td>\n<td>36-48<\/td>\n<\/tr>\n<\/tbody>\n<\/table>\n","protected":false},"featured_media":2410,"comment_status":"closed","ping_status":"closed","template":"","meta":{"_custom_body_class":"","_custom_post_class":""},"product_brand":[],"product_cat":[17,71],"product_tag":[],"class_list":{"0":"post-2093","1":"product","2":"type-product","3":"status-publish","4":"has-post-thumbnail","6":"product_cat-einlagen","7":"product_cat-fersensporn-mit-kunststoffkern","8":"tm-no-options-pxq","10":"first","11":"instock","12":"shipping-taxable","13":"purchasable","14":"product-type-variable"},"yoast_head":"<!-- This site is optimized with the Yoast SEO plugin v27.4 - https:\/\/yoast.com\/product\/yoast-seo-wordpress\/ -->\n<title>150\/122\/213 6103 - K\u00fchnel Orthop\u00e4die Peine<\/title>\n<meta name=\"robots\" content=\"index, follow, max-snippet:-1, max-image-preview:large, max-video-preview:-1\" \/>\n<link rel=\"canonical\" href=\"https:\/\/kuehnel-orthopaedie.de\/index.php\/produkt\/150-122-213-6103\/\" \/>\n<meta property=\"og:locale\" content=\"de_DE\" \/>\n<meta property=\"og:type\" content=\"article\" \/>\n<meta property=\"og:title\" content=\"150\/122\/213 6103 - K\u00fchnel Orthop\u00e4die Peine\" \/>\n<meta property=\"og:description\" content=\"Durch einen Spezialkern mit medialer Vertiefungsmulde hat diese\u00a0Einlage eine Polsterung von durchgehend 6,0 mm von der Ferse \u00fcber die Plantarsehne bis zu Pelotte. Das Deckenmaterial von 25 Shore st\u00fctzt den Fu\u00df gut ab, wodurch\u00a0 die Polsterung sehr wirkungsvoll ist. Ein Modell mit hoher Erfolgsgarantie. Aufbau der Einlagen:   Spezial-Kunsstoffkern mit Vertiefung der Plantarsehne \u00a0   Orthoform-Polsterdecke 25 Shore mit Ausstanzung  weiches Latexpolster 18 Shore in Ferse und Plantarsehne  weiche , kleine Pelotte     Deckenform Artikelnummer Gr\u00f6\u00dfen          Normal 150\/122\/* 35-48   Breit 150\/125 35-48   Finnform D 150\/128 36-48   Finnform H 150\/129 36-48\" \/>\n<meta property=\"og:url\" content=\"https:\/\/kuehnel-orthopaedie.de\/index.php\/produkt\/150-122-213-6103\/\" \/>\n<meta property=\"og:site_name\" content=\"K\u00fchnel Orthop\u00e4die Peine\" \/>\n<meta property=\"article:modified_time\" content=\"2022-09-04T09:04:42+00:00\" \/>\n<meta property=\"og:image\" content=\"https:\/\/kuehnel-orthopaedie.de\/wp-content\/uploads\/2020\/10\/210106-ku\u0308hnel-055.jpg\" \/>\n\t<meta property=\"og:image:width\" content=\"1300\" \/>\n\t<meta property=\"og:image:height\" content=\"867\" \/>\n\t<meta property=\"og:image:type\" content=\"image\/jpeg\" \/>\n<meta name=\"twitter:card\" content=\"summary_large_image\" \/>\n<script type=\"application\/ld+json\" class=\"yoast-schema-graph\">{\"@context\":\"https:\\\/\\\/schema.org\",\"@graph\":[{\"@type\":\"WebPage\",\"@id\":\"https:\\\/\\\/kuehnel-orthopaedie.de\\\/index.php\\\/produkt\\\/150-122-213-6103\\\/\",\"url\":\"https:\\\/\\\/kuehnel-orthopaedie.de\\\/index.php\\\/produkt\\\/150-122-213-6103\\\/\",\"name\":\"150\\\/122\\\/213 6103 - K\u00fchnel Orthop\u00e4die Peine\",\"isPartOf\":{\"@id\":\"https:\\\/\\\/kuehnel-orthopaedie.de\\\/#website\"},\"primaryImageOfPage\":{\"@id\":\"https:\\\/\\\/kuehnel-orthopaedie.de\\\/index.php\\\/produkt\\\/150-122-213-6103\\\/#primaryimage\"},\"image\":{\"@id\":\"https:\\\/\\\/kuehnel-orthopaedie.de\\\/index.php\\\/produkt\\\/150-122-213-6103\\\/#primaryimage\"},\"thumbnailUrl\":\"https:\\\/\\\/kuehnel-orthopaedie.de\\\/wp-content\\\/uploads\\\/2020\\\/10\\\/210106-ku\u0308hnel-055.jpg\",\"datePublished\":\"2020-10-12T14:11:11+00:00\",\"dateModified\":\"2022-09-04T09:04:42+00:00\",\"breadcrumb\":{\"@id\":\"https:\\\/\\\/kuehnel-orthopaedie.de\\\/index.php\\\/produkt\\\/150-122-213-6103\\\/#breadcrumb\"},\"inLanguage\":\"de\",\"potentialAction\":[{\"@type\":\"ReadAction\",\"target\":[\"https:\\\/\\\/kuehnel-orthopaedie.de\\\/index.php\\\/produkt\\\/150-122-213-6103\\\/\"]}]},{\"@type\":\"ImageObject\",\"inLanguage\":\"de\",\"@id\":\"https:\\\/\\\/kuehnel-orthopaedie.de\\\/index.php\\\/produkt\\\/150-122-213-6103\\\/#primaryimage\",\"url\":\"https:\\\/\\\/kuehnel-orthopaedie.de\\\/wp-content\\\/uploads\\\/2020\\\/10\\\/210106-ku\u0308hnel-055.jpg\",\"contentUrl\":\"https:\\\/\\\/kuehnel-orthopaedie.de\\\/wp-content\\\/uploads\\\/2020\\\/10\\\/210106-ku\u0308hnel-055.jpg\",\"width\":1300,\"height\":867},{\"@type\":\"BreadcrumbList\",\"@id\":\"https:\\\/\\\/kuehnel-orthopaedie.de\\\/index.php\\\/produkt\\\/150-122-213-6103\\\/#breadcrumb\",\"itemListElement\":[{\"@type\":\"ListItem\",\"position\":1,\"name\":\"Home\",\"item\":\"https:\\\/\\\/kuehnel-orthopaedie.de\\\/\"},{\"@type\":\"ListItem\",\"position\":2,\"name\":\"Shop single sidebar\",\"item\":\"https:\\\/\\\/kuehnel-orthopaedie.de\\\/index.php\\\/shop-single-sidebar\\\/\"},{\"@type\":\"ListItem\",\"position\":3,\"name\":\"150\\\/122\\\/213 6103\"}]},{\"@type\":\"WebSite\",\"@id\":\"https:\\\/\\\/kuehnel-orthopaedie.de\\\/#website\",\"url\":\"https:\\\/\\\/kuehnel-orthopaedie.de\\\/\",\"name\":\"K\u00fchnel Orthop\u00e4die Peine\",\"description\":\"Ihr leistungsf\u00e4higer Partner f\u00fcr Einladen und orthop\u00e4dische Materialien\",\"potentialAction\":[{\"@type\":\"SearchAction\",\"target\":{\"@type\":\"EntryPoint\",\"urlTemplate\":\"https:\\\/\\\/kuehnel-orthopaedie.de\\\/?s={search_term_string}\"},\"query-input\":{\"@type\":\"PropertyValueSpecification\",\"valueRequired\":true,\"valueName\":\"search_term_string\"}}],\"inLanguage\":\"de\"}]}<\/script>\n<!-- \/ Yoast SEO plugin. -->","yoast_head_json":{"title":"150\/122\/213 6103 - K\u00fchnel Orthop\u00e4die Peine","robots":{"index":"index","follow":"follow","max-snippet":"max-snippet:-1","max-image-preview":"max-image-preview:large","max-video-preview":"max-video-preview:-1"},"canonical":"https:\/\/kuehnel-orthopaedie.de\/index.php\/produkt\/150-122-213-6103\/","og_locale":"de_DE","og_type":"article","og_title":"150\/122\/213 6103 - K\u00fchnel Orthop\u00e4die Peine","og_description":"Durch einen Spezialkern mit medialer Vertiefungsmulde hat diese\u00a0Einlage eine Polsterung von durchgehend 6,0 mm von der Ferse \u00fcber die Plantarsehne bis zu Pelotte. Das Deckenmaterial von 25 Shore st\u00fctzt den Fu\u00df gut ab, wodurch\u00a0 die Polsterung sehr wirkungsvoll ist. Ein Modell mit hoher Erfolgsgarantie. Aufbau der Einlagen:   Spezial-Kunsstoffkern mit Vertiefung der Plantarsehne \u00a0   Orthoform-Polsterdecke 25 Shore mit Ausstanzung  weiches Latexpolster 18 Shore in Ferse und Plantarsehne  weiche , kleine Pelotte     Deckenform Artikelnummer Gr\u00f6\u00dfen          Normal 150\/122\/* 35-48   Breit 150\/125 35-48   Finnform D 150\/128 36-48   Finnform H 150\/129 36-48","og_url":"https:\/\/kuehnel-orthopaedie.de\/index.php\/produkt\/150-122-213-6103\/","og_site_name":"K\u00fchnel Orthop\u00e4die Peine","article_modified_time":"2022-09-04T09:04:42+00:00","og_image":[{"width":1300,"height":867,"url":"https:\/\/kuehnel-orthopaedie.de\/wp-content\/uploads\/2020\/10\/210106-ku\u0308hnel-055.jpg","type":"image\/jpeg"}],"twitter_card":"summary_large_image","schema":{"@context":"https:\/\/schema.org","@graph":[{"@type":"WebPage","@id":"https:\/\/kuehnel-orthopaedie.de\/index.php\/produkt\/150-122-213-6103\/","url":"https:\/\/kuehnel-orthopaedie.de\/index.php\/produkt\/150-122-213-6103\/","name":"150\/122\/213 6103 - K\u00fchnel Orthop\u00e4die Peine","isPartOf":{"@id":"https:\/\/kuehnel-orthopaedie.de\/#website"},"primaryImageOfPage":{"@id":"https:\/\/kuehnel-orthopaedie.de\/index.php\/produkt\/150-122-213-6103\/#primaryimage"},"image":{"@id":"https:\/\/kuehnel-orthopaedie.de\/index.php\/produkt\/150-122-213-6103\/#primaryimage"},"thumbnailUrl":"https:\/\/kuehnel-orthopaedie.de\/wp-content\/uploads\/2020\/10\/210106-ku\u0308hnel-055.jpg","datePublished":"2020-10-12T14:11:11+00:00","dateModified":"2022-09-04T09:04:42+00:00","breadcrumb":{"@id":"https:\/\/kuehnel-orthopaedie.de\/index.php\/produkt\/150-122-213-6103\/#breadcrumb"},"inLanguage":"de","potentialAction":[{"@type":"ReadAction","target":["https:\/\/kuehnel-orthopaedie.de\/index.php\/produkt\/150-122-213-6103\/"]}]},{"@type":"ImageObject","inLanguage":"de","@id":"https:\/\/kuehnel-orthopaedie.de\/index.php\/produkt\/150-122-213-6103\/#primaryimage","url":"https:\/\/kuehnel-orthopaedie.de\/wp-content\/uploads\/2020\/10\/210106-ku\u0308hnel-055.jpg","contentUrl":"https:\/\/kuehnel-orthopaedie.de\/wp-content\/uploads\/2020\/10\/210106-ku\u0308hnel-055.jpg","width":1300,"height":867},{"@type":"BreadcrumbList","@id":"https:\/\/kuehnel-orthopaedie.de\/index.php\/produkt\/150-122-213-6103\/#breadcrumb","itemListElement":[{"@type":"ListItem","position":1,"name":"Home","item":"https:\/\/kuehnel-orthopaedie.de\/"},{"@type":"ListItem","position":2,"name":"Shop single sidebar","item":"https:\/\/kuehnel-orthopaedie.de\/index.php\/shop-single-sidebar\/"},{"@type":"ListItem","position":3,"name":"150\/122\/213 6103"}]},{"@type":"WebSite","@id":"https:\/\/kuehnel-orthopaedie.de\/#website","url":"https:\/\/kuehnel-orthopaedie.de\/","name":"K\u00fchnel Orthop\u00e4die Peine","description":"Ihr leistungsf\u00e4higer Partner f\u00fcr Einladen und orthop\u00e4dische Materialien","potentialAction":[{"@type":"SearchAction","target":{"@type":"EntryPoint","urlTemplate":"https:\/\/kuehnel-orthopaedie.de\/?s={search_term_string}"},"query-input":{"@type":"PropertyValueSpecification","valueRequired":true,"valueName":"search_term_string"}}],"inLanguage":"de"}]}},"_links":{"self":[{"href":"https:\/\/kuehnel-orthopaedie.de\/index.php\/wp-json\/wp\/v2\/product\/2093","targetHints":{"allow":["GET"]}}],"collection":[{"href":"https:\/\/kuehnel-orthopaedie.de\/index.php\/wp-json\/wp\/v2\/product"}],"about":[{"href":"https:\/\/kuehnel-orthopaedie.de\/index.php\/wp-json\/wp\/v2\/types\/product"}],"replies":[{"embeddable":true,"href":"https:\/\/kuehnel-orthopaedie.de\/index.php\/wp-json\/wp\/v2\/comments?post=2093"}],"wp:featuredmedia":[{"embeddable":true,"href":"https:\/\/kuehnel-orthopaedie.de\/index.php\/wp-json\/wp\/v2\/media\/2410"}],"wp:attachment":[{"href":"https:\/\/kuehnel-orthopaedie.de\/index.php\/wp-json\/wp\/v2\/media?parent=2093"}],"wp:term":[{"taxonomy":"product_brand","embeddable":true,"href":"https:\/\/kuehnel-orthopaedie.de\/index.php\/wp-json\/wp\/v2\/product_brand?post=2093"},{"taxonomy":"product_cat","embeddable":true,"href":"https:\/\/kuehnel-orthopaedie.de\/index.php\/wp-json\/wp\/v2\/product_cat?post=2093"},{"taxonomy":"product_tag","embeddable":true,"href":"https:\/\/kuehnel-orthopaedie.de\/index.php\/wp-json\/wp\/v2\/product_tag?post=2093"}],"curies":[{"name":"wp","href":"https:\/\/api.w.org\/{rel}","templated":true}]}}